Suppose -s = 6*h - 13*h. What are the prime factors of h?
2, 3, 113
Suppose 5*g - 20 = -2*s, 5*s = 7*g - 6*g - 4. Suppose -o = 4*o - 20. Suppose 0 = 5*j - j + w - 32, -g*j = o*w - 20. What are the prime factors of j?
3
Let c be 1 - -3 - 0/(56/8). Suppose c*a - 30 - 22 = 4*i, -4*a - i = -57. List the prime factors of a.
2, 7
Let n be 2/9 + 120/(-54). What are the prime factors of (76/(-133))/(n/2086)?
2, 149
Let s(y) = y**3 - 8*y**2 - 19*y + 5. Let g be s(10). Suppose -4*n = -12, 4*h = -3*n + 6*n + g. List the prime factors of ((-139)/(-6))/(1/h).
139
Suppose -7*i = 30 + 5. Let g be 1/2 - ((-45)/(-6))/i. Suppose g*v - 93 - 215 = 0. List the prime factors of v.
2, 7, 11
Suppose -2*n - 5*o = 3*n - 135, 2*n = -3*o + 50. Suppose n*h - 6525 = 15268. What are the prime factors of h?
19, 37
Let w = 1174 + -1116. Let a(i) = 19*i**2 + 2. Let o be a(2). Suppose 2*p + 3*u - o = 0, -3*p + 190 = -3*u + w. What are the prime factors of p?
2, 3, 7
Let i(m) = -5148*m + 1257. List the prime factors of i(-4).
3, 7283
Let c be (4*(-4)/(-28))/(1/7). Suppose -c*h - 10*h + 5264 = 0. Let f = h + -216. List the prime factors of f.
2, 5
Suppose -826076 = -127*y + 1617150. What are the prime factors of y?
2, 9619
Let q = -103 - -107. Suppose -7 = -q*r + 1. List the prime factors of r/(-12) + 2715/90.
2, 3, 5
Let o(x) = -1079*x + 179. List the prime factors of o(-7).
2, 1933
Suppose -2*u - l = -9821, -91*l + 53984 = 11*u - 96*l. List the prime factors of u.
4909
Suppose 2*r + 62352 = -7*r + 21*r. What are the prime factors of r?
2, 3, 433
List the prime factors of -6 - ((-1 - -1) + -9 - 18267).
2, 3, 5, 7, 29
Let o(g) = -3*g**2 + 127*g - 37. Let b be o(42). Suppose 2*s - s + b*v = 603, 597 = s + 2*v. List the prime factors of s.
593
Let t(i) = i**3 - 19*i**2 - i + 38. Let z be t(10). Let v = -428 - z. What are the prime factors of v?
2, 3, 37
Suppose 6*z - 49 + 439 = 0. Let w be ((-1)/(-2))/(2/8). List the prime factors of z*(w - (-39)/(-15)).
3, 13
Let r(d) = -5*d**2 + 4*d + 2. Let n = 10 - 8. Let a be r(n). List the prime factors of (-5)/(a/168) - 3.
3
Suppose -149*n + 2145 = -146*n. Let u = n + 143. What are the prime factors of u?
2, 3, 11, 13
What are the prime factors of ((-6)/8 + 138/24)/((-17)/(-32385))?
3, 5, 127
Suppose -3*h - 1134 = -4*x, -x - 23*h + 278 = -21*h. Suppose x = 3*m - 2436. List the prime factors of m.
2, 3, 151
Let a(q) = 16*q**2 - 18*q - 2. Let m be a(6). Let x = m - 424. List the prime factors of x.
2, 3, 7
Let c(n) = 4*n - 8. Let k(j) = -j**3 + 6*j**2 - 4*j + 4. Suppose 0 = 2*y + s - 15, -y - 2*y + 30 = 3*s. Let p be k(y). List the prime factors of c(p).
2, 7
Let p(n) = 109*n**2 - 133*n + 3486. What are the prime factors of p(20)?
2, 97, 229
Let n = -42128 + 79712. What are the prime factors of n?
2, 3, 29
What are the prime factors of 101970/363 - 1/(-11)?
281
Let w(u) = -834*u + 14. What are the prime factors of w(-9)?
2, 5, 47
Suppose 0 = -5*i + j + 20738 + 62296, -j = i - 16614. What are the prime factors of i?
2, 3, 173
Let l be 237/2*56/21. Suppose -l - 1168 = -4*d. List the prime factors of d.
7, 53
Suppose -23*n + 10049 = -1267. Let p = -93 + n. List the prime factors of p.
3, 7, 19
Suppose -13*v = -4*v - 36. Let z(y) = 2*y**2 + 5*y - 6. What are the prime factors of z(v)?
2, 23
Let f be 264 + (-4)/(-6)*126/28. Let b = -151 + f. What are the prime factors of b?
2, 29
Let q = 259 - 255. Suppose 5*h - 1588 = -4*y, -q*h = y + h - 397. What are the prime factors of y?
397
Let u be 6/(24/10)*174/5. Let d = u + 34. What are the prime factors of d?
11
Let h = -15934 + 29081. List the prime factors of h.
13147
Let t be (-17)/((1/2)/(-1)). Suppose 11096 = -15*w + t*w. What are the prime factors of w?
2, 73
Suppose 2*g = 6*y - 323562, 3*g = -53*y + 50*y + 161745. What are the prime factors of y?
2, 13, 17, 61
Let w be (((-25)/(-4))/(-5))/(5/3640). Let u = -292 - w. What are the prime factors of u?
2, 3, 103
Let u(l) = l**2 - 4*l - 2. Let k be u(7). Let y(s) = -s**2 + 41*s + 4. List the prime factors of y(k).
2, 211
Let r = 49 + -46. Suppose 33 = r*u + 57. Let a(p) = -25*p - 24. List the prime factors of a(u).
2, 11
Let h be 1 + 0 - (-8 - -9)*-1. Suppose -6 = 3*s, -14*c - 4988 = -18*c - h*s. What are the prime factors of c?
2, 3, 13
Let w(a) = -9*a + 26. Let y be w(7). Let o = y + 40. What are the prime factors of -2 + (156 - -5) + o*-1?
2, 3, 13
Let z(n) = n**3 + 6*n**2 + 4*n - 2. Let c be z(-5). Let p be (36/(-24))/(c/16). List the prime factors of (p/6)/(-4)*12.
2
Let i(o) = -14*o**3 + 2*o**2 - 32*o - 31. What are the prime factors of i(-7)?
11, 463
List the prime factors of (-122)/(-3*28/20454).
61, 487
Suppose -4*c + 84542 = 4*z - 30530, 115037 = 4*z - 3*c. List the prime factors of z.
7, 587
Let x be 2*4/12 + (-2772)/27. Suppose -5*l = 112 - 972. Let o = x + l. What are the prime factors of o?
2, 5, 7
Let g = -142 - -89. Let j = g + 274. List the prime factors of j.
13, 17
Let a(k) = -99*k + 29. Suppose 40*c - 35*c + 35 = 0. What are the prime factors of a(c)?
2, 19
Let d(w) = w**2 + 17*w - 4. Let i = 178 - 165. List the prime factors of d(i).
2, 193
Suppose -4*u = 2*i - 9664, -5*i - 154*u = -149*u - 24140. What are the prime factors of i?
2, 3, 67
Let u be (217 - 27)*(4 + -2 + 1). Suppose -5*p - u = -6*p. Suppose p = -106*v + 109*v. List the prime factors of v.
2, 5, 19
Let c = 3107 + -1987. Suppose -224 + c = v - 2*x, -3*v - 5*x + 2655 = 0. What are the prime factors of v?
2, 5, 89
Suppose -112*f + 206385 = -715375. What are the prime factors of f?
2, 5, 823
Suppose 0 = -7*c + 3*c - l - 145395, 3*c + 109030 = -4*l. Let k be c/(-60) + (-1 - (-14)/12). What are the prime factors of -2 - 16/(-24)*k/4?
3, 11
Let o be -66*(44/(-8) + 1). Suppose 11*u - o = 2*u. What are the prime factors of 1*(-1 - u)/(-2)?
17
Let g = -25 + 30. Let k be 3/21 + 205/35. Suppose -q = -a + 108, -2*a + k*a - 431 = g*q. What are the prime factors of a?
109
Let g(o) = -o - 1. Let q(x) = x**2 + 11*x + 3. Let n be q(-10). Let s be g(n). List the prime factors of 772/s - (-2)/6.
3, 43
Let n(d) = 3*d**3 - 3*d**2 + 47*d + 191. What are the prime factors of n(14)?
3, 19, 149
Let v(n) = -37*n - 12. Let j(x) = x**3 + 5*x**2 + 4*x + 16. Suppose 2*o + o = -2*d - 7, 2*o = -5*d - 23. Let q be j(d). What are the prime factors of v(q)?
2, 17
Let n(g) = -147*g**3 - 2*g**2 + 31*g + 214. What are the prime factors of n(-6)?
2, 7927
Let i be ((-60)/(-21))/((-2)/(-7)). Let n be (1 + 109)*i/25. Suppose n = -p + 76. What are the prime factors of p?
2
Suppose 1 + 172 = 5*q - 4*s, 0 = 2*q + s - 64. Suppose -6*v + 13 = -17. Let p = v + q. List the prime factors of p.
2, 19
Let f(m) = 3*m**2 + 16*m + 3. Let y be f(-6). Suppose -23*a = -y*a - 1808. List the prime factors of a.
2, 113
Suppose 2514 + 1860 = 9*z. Let k = -212 + z. List the prime factors of k.
2, 137
Suppose 238*l - 4*a - 68414 = 233*l, -5*l = 3*a - 68442. List the prime factors of l.
2, 3, 2281
Suppose -22*y - 16635 + 222137 = 0. What are the prime factors of y?
9341
Let v(x) = -227*x + 77. Let n(b) = 2950*b - 1000. Let p(r) = -3*n(r) - 40*v(r). List the prime factors of p(4).
2, 3, 5, 7
Let k(s) = 20 + 2 - 3*s - 41. List the prime factors of k(-7).
2
Let t = -2157 - 2517. List the prime factors of t/(-39) - (-10)/65.
2, 3, 5
Suppose 5*k - 190843 = 9*y, 4*k + y = 2521 + 150219. List the prime factors of k.
38183
Suppose 1251*g = 1325*g - 5088018. What are the prime factors of g?
3, 13, 41, 43
Let x be 12/20 - ((-36)/15 + -2). Suppose -4*f + f = -x*k + 5874, -2*k = -2*f - 2352. List the prime factors of k.
3, 17, 23
Let q(s) = 15726*s**2 + 50*s - 39. What are the prime factors of q(1)?
15737
Suppose 0 = -5*z - t + 19, z - 3*z = -2*t - 10. Suppose z*u - 1890 = -2*u. Let i = u - 183. List the prime factors of i.
2, 3, 11
Let o = 497 - 438. What are the prime factors of -70*o/(-26) - 4/(-26)?
3, 53
Let l = 34486 + -20522. List the prime factors of l.
2, 3491
Let q be -8*4/((-8)/(-3)). Let l(i) = -27*i - 24. Let d be l(-3). List the prime factors of ((-77)/(-2))/(d/q - -5).
2, 7, 11
Suppose -d = 2*b - 25639, 0 = 15*b - 16*b - 2*d + 12827. List the prime factors of b.
7, 1831
Let m(q) = 6*q**3 + 2*q**2 - 5*q + 3. Let f be m(1). Suppose 16*a - f*a - 5110 = 0. What are the prime factors of a?
7, 73
Suppose 12 = -2*l + 2*x - 4*x, -5*